 19 + n. Calculate the highest common divisor of 2 and a.
1
Suppose -36 = -0*k + 4*k. Let y be (-8)/6*k/(-6). Let x(p) = -58*p + 4. Let o be x(y). What is the highest common divisor of 15 and o?
15
Let i be (-30)/(-40)*(-57 - -1)/(-1). Suppose -2*k + 1005 = -2*n + 73, 2*n - 454 = -k. What is the greatest common divisor of k and i?
42
Let u be (-1790)/(-28) + 8/112. Calculate the highest common divisor of 4 and u.
4
Let i = -1388 + 1630. What is the greatest common factor of i and 418?
22
Suppose 20277 = 14*r - 3047. What is the highest common divisor of 34 and r?
34
Let q = 18 - 11. Suppose -q + 0 = -y. Suppose a - y = 47. What is the greatest common factor of 6 and a?
6
Let f(i) = i**2 + 9*i + 13. Let c = 8 - 16. Let w be f(c). What is the highest common factor of 45 and w?
5
Suppose -2*a - 12 = -3*y - 66, -70 = -2*a - y. What is the greatest common divisor of a and 22?
11
Let n = -299 + 315. What is the highest common factor of 272 and n?
16
Let s(a) = 12*a**3 + 2*a. Let h = -3 - -5. Let b be s(h). Calculate the highest common factor of b and 20.
20
Let f(a) = 2*a**2 + 2*a - 3. Let s be f(-3). Let q = -744 + 747. What is the highest common divisor of q and s?
3
Suppose 416 = 9*i - 538. What is the highest common factor of i and 2438?
106
Suppose u = -5*a + 7 + 8, -4*a = u - 16. Calculate the highest common factor of u and 52.
4
Let k = -295 + 297. What is the highest common factor of 8 and k?
2
Let d be 4/(-3 + -1 - (-17)/4). Calculate the highest common divisor of d and 1.
1
Suppose -5*r + 6*p = 3*p - 277, 0 = -r + 2*p + 54. What is the highest common factor of 84 and r?
28
Let k be -2*27/(-6)*1. Let i = k - -9. What is the highest common factor of i and 9?
9
Let h = -574 + 587. Let i(u) = -u**3 - 3*u**2 + 3*u + 1. Let w be i(-6). Calculate the highest common divisor of h and w.
13
Let z be (-56)/((12/18)/(-1)). What is the highest common divisor of z and 7?
7
Suppose -2*q + 124 = -0*q. Suppose -203*x = -192*x - 33. Suppose x*y - q = y - 2*i, -125 = -4*y - 5*i. What is the highest common factor of 60 and y?
30
Let f = -3 - -8. Suppose -2*w = v - 29, -f*v + 2*w = -10*v + 105. Suppose -5*r - 3*h + v = -16, -r - 2*h = -14. What is the greatest common factor of r and 16?
4
Suppose 5*v - 5*x = -2*x + 218, 3*v - 130 = x. Calculate the highest common divisor of 172 and v.
43
Let m = -548 - -663. Calculate the highest common divisor of 184 and m.
23
Let r = -21 + 43. Let n = -19 - -30. What is the greatest common divisor of n and r?
11
Suppose 0 = 4*r - 230 + 630. Let u be (11/(11/r))/(-1). What is the highest common divisor of 40 and u?
20
Suppose 5*d + 3*u = 339, 3*d + 5*u + 12 = 209. Let h = -43 - -42. Let q be (2*-22)/h + 2. Calculate the highest common divisor of d and q.
23
Let y = 36 + 27. Let c = -42 + 84. What is the greatest common divisor of y and c?
21
Let n(p) = 2*p + 3. Let v be n(-1). Suppose s - 3 = -w, 2*s = 3*s - 3*w + v. Let g = 27 + -17. What is the greatest common factor of g and s?
2
Suppose 5*m = -4*o + 43, 0 = -3*o + o - m + 23. Suppose 3*k - 4*q - 180 - 224 = 0, 2*k - 270 = 3*q. What is the greatest common factor of o and k?
12
Suppose 3*u - 101 + 340 = -2*w, 0 = w - 5. Let a = 138 + u. Calculate the highest common factor of 5 and a.
5
Suppose 5*f = 5*o - 51 - 494, 3*f - 223 = -2*o. Calculate the greatest common factor of 15 and o.
5
Let j be (-2*1)/(-2)*34. Suppose 2*z = -h + 71, 0*h - h - 181 = -5*z. Let f be 8/z + (6080/36)/5. What is the highest common divisor of f and j?
34
Suppose 6*g + 471 = 111. Let c = 21 - g. What is the greatest common factor of 9 and c?
9
Let h be (-2)/11 + 14612/143. Let b = 111 - h. Let n(c) = -82*c - 1. Let t be n(-1). Calculate the greatest common divisor of b and t.
9
Suppose 3*z - 251 = -0*i + 2*i, 4*z = 3*i + 334. Let u = 38 + -21. What is the highest common divisor of u and z?
17
Let u(k) = -k**2 - 8*k + 1. Let t be u(-7). What is the highest common divisor of t and 8?
8
Let z = -18 + 23. Let u = z - 1. Suppose u*o = -m + 22, 2*o - 12 = -4*m + 48. What is the greatest common factor of 7 and m?
7
Suppose 737*c + 48 = 741*c. Calculate the greatest common factor of 84 and c.
12
Let t = 225 + -208. Calculate the greatest common divisor of t and 442.
17
Let i be (-98)/(-4) - (-7)/(-28)*-6. Let h = 29 - 21. Let y(l) = 20*l - 4. Let m be y(h). Calculate the greatest common factor of m and i.
26
Let k be ((-78)/(-4))/((-9)/(-24)). Let o = -17 + k. What is the highest common divisor of 7 and o?
7
Let d be (-3 + 1)*(-6 - -2). Suppose 4*a = 2*x, 4 = -x + 2*x + 2*a. Suppose 5*g + 4*t = -x - 9, 7 = -5*g - 3*t. What is the greatest common divisor of d and g?
1
Let g be 16/((-6)/((-60)/(-38)) - -4). What is the greatest common divisor of 128 and g?
16
Suppose 0 = 4*b - 44 - 148. Calculate the highest common divisor of 3 and b.
3
Let s be -3 + (2 - (-4 - 1)). Suppose 0 = -s*p - 4*t + 348, -4*p + 3*t + t = -372. Calculate the greatest common divisor of p and 135.
45
Suppose 0 = -b - 2*v + 247 - 20, -2*b + 2*v = -436. What is the highest common divisor of 17 and b?
17
Let t(c) = -c**2 - 7*c. Let v be t(-7). Suppose v = -5*q + 2*o + o + 207, 2*q = -2*o + 86. Calculate the greatest common factor of q and 63.
21
Suppose c = 2*c - 37. Let k = 85 + 26. Calculate the greatest common divisor of k and c.
37
Let k(f) = 2*f**2 - 16*f - 19. Let l be k(10). Calculate the greatest common factor of l and 567.
21
Suppose 39*u = 52*u - 2366. Calculate the highest common factor of 14 and u.
14
Let s be 4 + 7 + 4 + 3. Calculate the highest common factor of 774 and s.
18
Let l = 98 - -1976. What is the greatest common divisor of 68 and l?
34
Suppose -54*w - 3925 = -46099. Calculate the highest common divisor of 11 and w.
11
Let i(q) = -4*q + 16. Let d be i(4). Let h be d - (-3 - (-7)/(7/(-12))). Calculate the highest common factor of 6 and h.
3
Let i(a) = a**2 - 11*a + 9. Let o be i(11). Let q(v) = -v**2 + 19*v - 14. Let j be q(o). Calculate the greatest common factor of 190 and j.
38
Let b = 361 - 331. What is the highest common divisor of b and 6?
6
Suppose 6*u = -0*u + 12. Let q be -15 - (-1)/u*2. Let y be (2 - (-2 + 5))*q. Calculate the highest common factor of 126 and y.
14
Suppose 0 = q - 6*q + 5*b + 100, -5*q + 3*b + 90 = 0. Let j be (-30)/(-8) - 1/(-4). Suppose -s = -j*s + 225. What is the highest common factor of q and s?
15
Let l = 2833 + -2738. What is the highest common divisor of l and 76?
19
Let u = -93 - -134. Let w = u + -36. Calculate the highest common factor of 55 and w.
5
Suppose -6*l + 34 = -5*l. Let x(b) = b**2 - 2*b + 2. Let f be x(5). Calculate the greatest common factor of l and f.
17
Let j(t) = t**2 - 12*t - 3. Let i = -2 + 5. Let f be 2 + i/(-3) + 12. Let c be j(f). Calculate the highest common divisor of 30 and c.
10
Let f = 0 - -12. Suppose -a + 5*r = f, -3*r = -3*a + 8 + 4. Suppose -m + a = -4. What is the greatest common divisor of 96 and m?
12
Let s(g) be the first derivative of 3*g**2 + 5*g - 11. Let q be s(2). Calculate the greatest common factor of q and 119.
17
Let x = -958 - -1022. Let t = -8 + 40. What is the greatest common factor of t and x?
32
Suppose -2*k = -2*c + 18, 244*k - 241*k = 2*c - 23. Calculate the highest common divisor of c and 68.
4
Suppose 4*u - 80 = 128. Let m(z) = -z + 31. Suppose 144 = 7*t + t. Let r be m(t). What is the greatest common divisor of u and r?
13
Let j(o) = -o**2 + 5*o + 24. Let v be j(7). Suppose -v*k + 32 = -8. What is the greatest common divisor of k and 28?
4
Suppose 2*c - 9 = 15. Let j be 2/5 - 18/(-5). Calculate the greatest common factor of j and c.
4
Let i(g) = -g**2 + 6*g - 3. Let f be i(4). Let v be 398/f - (-12)/30. Let z be 2*15/2 - (-2 + 1). What is the highest common divisor of v and z?
16
Suppose -3*o + o = -300. Let y(z) = -2*z - 3. Let x be y(-9). Calculate the highest common factor of x and o.
15
Let z(h) = 65*h**2 - 2*h - 1. Let s be z(-1). Suppose 5*w - 2*c - 56 = s, 2*w + c = 56. What is the greatest common factor of 39 and w?
13
Let j(w) = 102*w**3 + 2*w**2 - 7*w + 2. Let p be j(2). What is the highest common divisor of 29 and p?
29
Suppose z - 4*a - 23 = 0, -11*z - 2*a + 125 = -8*z. Suppose 2*w = -3*w + 5. Let r be -4*13/(-2)*w. Calculate the highest common divisor of z and r.
13
Let w = 406 - -234. What is the greatest common